 units digit of 118988?
8
What is the thousands digit of 2793?
2
What is the tens digit of 71108?
0
What is the tens digit of 3519?
1
What is the units digit of 2095?
5
What is the ten thousands digit of 176820?
7
What is the hundreds digit of 486?
4
What is the thousands digit of 4980?
4
What is the hundreds digit of 33214?
2
What is the units digit of 82230?
0
What is the hundreds digit of 1447?
4
What is the tens digit of 14478?
7
What is the hundreds digit of 88917?
9
What is the thousands digit of 26863?
6
What is the tens digit of 7044?
4
What is the thousands digit of 2571?
2
What is the thousands digit of 1101?
1
What is the hundreds digit of 4376?
3
What is the hundreds digit of 7841?
8
What is the tens digit of 12106?
0
What is the units digit of 7000?
0
What is the thousands digit of 1143?
1
What is the hundreds digit of 2314?
3
What is the thousands digit of 5143?
5
What is the tens digit of 19087?
8
What is the hundreds digit of 14320?
3
What is the tens digit of 85515?
1
What is the units digit of 57?
7
What is the thousands digit of 11670?
1
What is the tens digit of 60632?
3
What is the ten thousands digit of 36625?
3
What is the tens digit of 2096?
9
What is the ten thousands digit of 131738?
3
What is the tens digit of 1094?
9
What is the ten thousands digit of 30521?
3
What is the hundreds digit of 1548?
5
What is the tens digit of 114917?
1
What is the hundreds digit of 8867?
8
What is the tens digit of 629?
2
What is the units digit of 8872?
2
What is the units digit of 46?
6
What is the thousands digit of 4074?
4
What is the hundreds digit of 4863?
8
What is the thousands digit of 9136?
9
What is the units digit of 6170?
0
What is the ten thousands digit of 84194?
8
What is the units digit of 5434?
4
What is the tens digit of 24350?
5
What is the tens digit of 2378?
7
What is the thousands digit of 6206?
6
What is the hundreds digit of 103007?
0
What is the thousands digit of 23653?
3
What is the ten thousands digit of 68783?
6
What is the hundreds digit of 1145?
1
What is the units digit of 6788?
8
What is the thousands digit of 22380?
2
What is the tens digit of 460?
6
What is the tens digit of 10251?
5
What is the hundreds digit of 7738?
7
What is the hundreds digit of 133924?
9
What is the tens digit of 13176?
7
What is the tens digit of 151896?
9
What is the hundred thousands digit of 109807?
1
What is the thousands digit of 6034?
6
What is the tens digit of 391?
9
What is the hundreds digit of 6574?
5
What is the thousands digit of 4576?
4
What is the units digit of 8153?
3
What is the units digit of 3246?
6
What is the ten thousands digit of 11299?
1
What is the thousands digit of 63526?
3
What is the units digit of 894?
4
What is the thousands digit of 18467?
8
What is the thousands digit of 4778?
4
What is the units digit of 4878?
8
What is the tens digit of 131?
3
What is the thousands digit of 1382?
1
What is the thousands digit of 21273?
1
What is the hundreds digit of 632?
6
What is the hundreds digit of 2829?
8
What is the tens digit of 10459?
5
What is the hundreds digit of 2636?
6
What is the tens digit of 1522?
2
What is the hundreds digit of 9730?
7
What is the units digit of 539?
9
What is the units digit of 9368?
8
What is the thousands digit of 14175?
4
What is the units digit of 2172?
2
What is the hundreds digit of 573?
5
What is the tens digit of 162656?
5
What is the units digit of 3752?
2
What is the tens digit of 1841?
4
What is the hundreds digit of 3924?
9
What is the tens digit of 4593?
9
What is the units digit of 43725?
5
What is the ten thousands digit of 26287?
2
What is the units digit of 3540?
0
What is the hundreds digit of 2466?
4
What is the thousands digit of 22939?
2
What is the tens digit of 226?
2
What is the hundreds digit of 14934?
9
What is the hundreds digit of 97973?
9
What is the units digit of 31788?
8
What is the thousands digit of 46612?
6
What is the units digit of 10716?
6
What is the tens digit of 934?
3
What is the units digit of 2633?
3
What is the units digit of 2007?
7
What is the units digit of 210?
0
What is the ten thousands digit of 10008?
1
What is the units digit of 673?
3
What is the thousands digit of 2846?
2
What is the hundreds digit of 12172?
1
What is the tens digit of 551?
5
What is the tens digit of 491?
9
What is the thousands digit of 61023?
1
What is the tens digit of 778?
7
What is the units digit of 987?
7
What is the thousands digit of 1316?
1
What is the tens digit of 47226?
2
What is the units digit of 6470?
0
What is the units digit of 2663?
3
What is the hundreds digit of 734?
7
What is the thousands digit of 5013?
5
What is the hundreds digit of 4639?
6
What is the units digit of 32779?
9
What is the units digit of 8982?
2
What is the tens digit of 1782?
8
What is the hundreds digit of 62630?
6
What is the hundreds digit of 2258?
2
What is the tens digit of 518?
1
What is the hundreds digit of 68293?
2
What is the units digit of 45920?
0
What is the units digit of 1970?
0
What is the ten thousands digit of 20261?
2
What is the hundreds digit of 587?
5
What is the tens digit of 329?
2
What is the hundreds digit of 18317?
3
What is the hundreds digit of 2980?
9
What is the hundreds digit of 1185?
1
What is the thousands digit of 34018?
4
What is the hundreds digit of 117274?
2
What is the thousands digit of 6878?
6
What is the thousands digit of 1831?
1
What is the units digit of 17760?
0
What is the units digit of 21496?
6
What is the hundreds digit of 45128?
1
What is the hundreds digit of 16983?
9
What is the tens digit of 8096?
9
What is the units digit of 30504?
4
What is the thousands digit of 1093?
1
What is the tens digit of 29959?
5
What is the ten thousands digit of 28998?
2
What is the hundreds digit of 1898?
8
What is the tens digit of 55963?
6
What is the hundreds digit of 8875?
8
What is the hundreds digit of 496?
4
What is the hundreds digit of 21673?
6
What is the thousands digit of 95482?
5
What is the units digit of 18123?
3
What is the tens digit of 4623?
2
What is the thousands digit of 40527?
0
What is the tens digit of 934?
3
What is the thousands digit of 31251?
1
What is the hundreds digit of 1879?
8
What is the hundreds digit of 2273?
2
What is the thousands digit of 21870?
1
What is the thousands digit of 2160?
2
What is the tens digit of 902?
0
What is the thousands digit of 2120?
2
What is the thousands digit of 1847?
1
What is the hundreds digit of 6895?
8
What is the hundreds digit of 15046?
0
What is the units digit of 10617?
7
What is the tens digit of 1587?
8
What is the hundreds digit of 37911?
9
What is the tens digit of 15934?
3
What is the units digit of 3675?
5
What is the units digit of 128546?
6
What is the tens digit of 2544?
4
What is the hundreds digit of 8765?
7
What is the thousands digit of 2925?
2
What is the thousands digit of 1038?
1
What is the tens digit of 1926?
2
What is the units digit of 5001?
1
What is the hundreds digit of 14471?
4
What is the ten thousands digit of 195759?
9
What is the hundreds digit of 122933?
9
What is the units digit of 2370?
0
What is the units digit of 198815?
5
What is the hundreds digit of 108?
1
What is the tens digit of 401?
0
What is the hundreds digit of 19849?
8
What is the tens digit of 439?
3
What is the tens digit of 68723?
2
What is the hundreds digit of 423?
4
What is the ten thousands digit of 25346?
2
What is the units digit of 28079?
9
What is the units digit of 4792?
2
What is the hundreds digit of 93660?
6
What is the units digit of 1993?
3
What is the tens digit of 16748?
4
What is the tens digit of 6507?
0
What is the hundreds digit of 1770?
7
What is the hundreds digit of 1990?
9
What is the thousands digit of 7239?
7
What is the thousands digit of 7586?
7
What is the thousands digit of 1481?
1
What is the thousands digit of 2922?
2
What is the units digit of 14947?
7
What is the hundreds digit of 10170?
1
What is the hundreds digit of 28334?
3
What is the hundreds digit of 129?
1
What is the units digit of 8875?
5
What is the thousands digit of 39424?
9
What is the ten thousands digit of 19051?
1
What is the units digit of 4860?
0
What is the units digit of 179?
9
What is the ten thousands digit of 10684?
1
What is the units digit of 92